5?
False
Is 70 a factor of 31447?
False
Is 3756 a multiple of 136?
False
Is 33 a factor of 3960?
True
Does 20 divide 4040?
True
Does 11 divide 10476?
False
Does 31 divide 2449?
True
Is 37 a factor of 25735?
False
Does 70 divide 1542?
False
Is 169 a multiple of 2?
False
Does 17 divide 35215?
False
Is 15 a factor of 14400?
True
Is 205 a factor of 20910?
True
Is 7 a factor of 16212?
True
Does 40 divide 935?
False
Is 11 a factor of 2572?
False
Is 95 a factor of 55095?
False
Does 50 divide 3550?
True
Is 263 even?
False
Is 15 a factor of 33210?
True
Is 51 a factor of 510?
True
Is 68 a factor of 2380?
True
Does 27 divide 39?
False
Is 1343 a multiple of 22?
False
Is 50166 a multiple of 19?
False
Is 101 a factor of 4645?
False
Does 41 divide 2001?
False
Does 22 divide 4906?
True
Is 97 a factor of 2154?
False
Is 23445 a multiple of 16?
False
Is 23 a factor of 6286?
False
Is 930 a multiple of 2?
True
Does 310 divide 65100?
True
Is 81888 a multiple of 228?
False
Does 127 divide 12771?
False
Is 95 a multiple of 14?
False
Does 11 divide 4125?
True
Is 7 a factor of 91?
True
Is 7 a factor of 1455?
False
Is 1324 a multiple of 7?
False
Is 18 a factor of 7131?
False
Is 3393 a multiple of 29?
True
Is 13 a factor of 5932?
False
Is 5934 a multiple of 86?
True
Is 9 a factor of 308?
False
Is 122 a multiple of 2?
True
Does 9 divide 34714?
False
Is 26 a factor of 8243?
False
Is 5 a factor of 114?
False
Is 1428 a multiple of 84?
True
Is 19 a factor of 16201?
False
Is 14 a factor of 13342?
True
Is 4636 a multiple of 122?
True
Is 15 a factor of 1440?
True
Is 18 a factor of 1617?
False
Does 32 divide 64?
True
Is 97 a factor of 4387?
False
Is 5813 a multiple of 19?
False
Is 4 a factor of 4332?
True
Is 2227 a multiple of 12?
False
Is 19688 a multiple of 107?
True
Does 14 divide 6202?
True
Is 2 a factor of 163?
False
Is 27 a factor of 13185?
False
Does 33 divide 534?
False
Is 26 a factor of 1222?
True
Does 24 divide 105?
False
Is 168 a multiple of 24?
True
Is 14 a factor of 25844?
True
Is 95209 a multiple of 19?
True
Is 4165 a multiple of 20?
False
Does 12 divide 1455?
False
Is 3080 a multiple of 35?
True
Is 22 a factor of 1628?
True
Is 17760 a multiple of 19?
False
Is 572 a multiple of 44?
True
Does 4 divide 123?
False
Does 40 divide 5800?
True
Is 11 a factor of 1661?
True
Is 72 a multiple of 4?
True
Does 61 divide 9089?
True
Does 152 divide 15332?
False
Is 310 a multiple of 5?
True
Is 959 a multiple of 43?
False
Does 21 divide 876?
False
Is 37 a factor of 9435?
True
Does 104 divide 8078?
False
Is 18 a factor of 18869?
False
Is 99 a multiple of 10?
False
Does 15 divide 15988?
False
Is 6012 a multiple of 18?
True
Is 216 a multiple of 9?
True
Does 7 divide 8203?
False
Does 8 divide 2640?
True
Is 98 a multiple of 98?
True
Is 93 a factor of 3860?
False
Is 5 a factor of 1408?
False
Is 302 a multiple of 11?
False
Is 1636 a multiple of 25?
False
Does 78 divide 6265?
False
Is 1807 a multiple of 36?
False
Is 10445 a multiple of 8?
False
Does 117 divide 15912?
True
Is 29 a factor of 3297?
False
Is 13 a factor of 1403?
False
Does 33 divide 5057?
False
Is 6 a factor of 798?
True
Is 28635 a multiple of 14?
False
Is 10140 a multiple of 52?
True
Does 15 divide 930?
True
Is 7332 a multiple of 52?
True
Does 9 divide 4700?
False
Is 2920 a multiple of 20?
True
Is 118 a factor of 2011?
False
Is 59 a factor of 1005?
False
Does 13 divide 2497?
False
Is 19 a factor of 2237?
False
Does 35 divide 31620?
False
Is 91 a factor of 104143?
False
Is 26 a factor of 1233?
False
Is 1504 a multiple of 8?
True
Is 13327 a multiple of 39?
False
Is 36 a factor of 22314?
False
Is 5796 a multiple of 12?
True
Is 126 a factor of 19979?
False
Is 476 a multiple of 49?
False
Does 28 divide 201?
False
Does 4 divide 583?
False
Is 94 a factor of 2386?
False
Does 57 divide 20406?
True
Is 3 a factor of 540?
True
Does 7 divide 11090?
False
Does 9 divide 6813?
True
Is 6 a factor of 271?
False
Does 22 divide 770?
True
Does 50 divide 30800?
True
Does 17 divide 2329?
True
Does 121 divide 1665?
False
Does 14 divide 700?
True
Is 25 a factor of 375?
True
Does 9 divide 126?
True
Is 33 a factor of 4389?
True
Is 28 a factor of 38220?
True
Is 49 a factor of 733?
False
Is 50 a factor of 2526?
False
Does 13 divide 2808?
True
Does 4 divide 244?
True
Is 2 a factor of 1049?
False
Is 20 a factor of 22220?
True
Is 11241 a multiple of 2?
False
Does 3 divide 984?
True
Is 19096 a multiple of 217?
True
Is 182 a multiple of 7?
True
Does 43 divide 602?
True
Is 3 a factor of 9487?
False
Is 32 a factor of 9925?
False
Is 8654 a multiple of 50?
False
Does 79 divide 45583?
True
Is 23 a factor of 160?
False
Does 12 divide 84060?
True
Does 32 divide 1856?
True
Is 17 a factor of 913?
False
Does 29 divide 2755?
True
Does 6 divide 669?
False
Is 2587 a multiple of 13?
True
Is 920 a multiple of 40?
True
Is 1292 a multiple of 34?
True
Does 63 divide 63?
True
Is 2059 a multiple of 8?
False
Is 25 a factor of 36014?
False
Does 78 divide 11700?
True
Does 25 divide 42216?
False
Does 28 divide 4900?
True
Does 13 divide 286?
True
Does 159 divide 6875?
False
Is 2170 a multiple of 32?
False
Is 18 a factor of 15300?
True
Is 21 a factor of 273?
True
Does 3 divide 307?
False
Is 7808 a multiple of 16?
True
Is 16 a factor of 846?
False
Is 342 a multiple of 18?
True
Does 23 divide 3657?
True
Is 3120 a multiple of 40?
True
Is 2358 a multiple of 3?
True
Is 8 a factor of 544?
True
Is 874 a multiple of 23?
True
Does 25 divide 3484?
False
Is 131 a factor of 15589?
True
Is 94 a factor of 11750?
True
Does 6 divide 252?
True
Is 650 a multiple of 5?
True
Does 22 divide 9952?
False
Is 99 a factor of 99?
True
Is 4691 a multiple of 48?
False
Is 13 a factor of 12779?
True
Does 11 divide 1320?
True
Is 784 a multiple of 14?
True
Is 12 a factor of 45060?
True
Is 6 a factor of 1422?
True
Is 825 a multiple of 33?
True
Is 42 a factor of 3886?
False
Does 51 divide 8364?
True
Is 4 a factor of 514?
False
Is 206 a factor of 55620?
True
Is 34 a factor of 306?
True
Is 20534 a multiple of 32?
False
Is 4 a factor of 168?
True
Is 50 a factor of 183900?
True
Does 20 divide 95?
False
Is 9 a factor of 191?
False
Is 31 a factor of 2522?
False
Does 149 divide 21053?
False
Does 19 divide 2443?
False
Is 559 a multiple of 13?
True
Is 1107 a multiple of 64?
False
Does 104 divide 5304?
True
Is 153 a multiple of 11?
False
Does 11 divide 583?
True
Is 28 a factor of 6480?
False
Is 6 a factor of 2679?
False
Is 39 a factor of 28580?
False
Does 10 divide 18?
False
Is 952 a multiple of 8?
True
Is 1314 a multiple of 37?
False
Does 8 divide 75?
False
Does 85 divide 4845?
True
Does 10 divide 933?
False
Is 1252 a multiple of 15?
False
Does 13 divide 56888?
True
Is 29 a factor of 679?
False
Is 90 a factor of 7883?
False
Is 11446 a multiple of 97?
True
Is 57770 a multiple of 265?
True
Does 5 divide 4628?
False
Is 6 a factor of 1539?
False
Does 5 divide 1618?
False
Is 50 a factor of 287?
False
Is 35 a factor of 1562?
False
Is 2310 a multiple of 30?
True
Is 333 a multiple of 7?
False
Is 704 a multiple of 16?
True
Is 4032 a multiple of 64?
True
Is 17512 a multiple of 11?
True
Does 8 divide 2521?
False
Is 8570 a multiple of 10?
True
Is 2297 a multiple of 4?
False
Does 5 divide 540?
True
Is 11 a factor of 1952?
False
Is 19260 a multiple of 214?
True
Is 39 a factor of 6017?
False
Is 14 a factor of 9348?
False
Is 2511 a multiple of 31?
True
Does 51 divide 1581?
True
Is 616 a multiple of 11?
True
Is 5 a factor of 150?
True
Is 2220 a multiple of 20?
True
Is 56 a multiple of 2?
True
Is 54 a factor of 2536?
False
Is 1804 a multiple of 13?
False
Is 18 a factor of 774?
True
Does 13 divide 39549?
False
Does 30 divide 4372?
False
Is 10 a factor of 1600?
True
Does 38 divide 27512?
True
Is 94 a factor of 17296?
True
Is 17 a factor of 3893?
True
Is 41 a factor of 1376?
False
Is 96 a multiple of 12?
True
Is 27 a factor of 1512?
True
Does 80 divide 2800?
True
Is 5 a factor of 4776?
False
Is 9275 a multiple of 25?
True
Is 19 a factor of 266?
True
Does 10 divide 170?
True
Is 26 a factor of 37240?
False
Is 8 a factor of 1448?
True
Does 97 divide 5390?
False
Is 2446 a multiple of 10?
False
Is 118 a factor of 84259?
False
Is 16 a factor of 144?
True
Does 18 divide 2758?
False
Is 67 a factor of 1036?
False
Does 34 divide 136?
True
Is 521 a multipl